f) = -f**2 + f - 2. Calculate i(x).
-4
Let t(i) = i**3 - i**2 - i - 9. Suppose 4*k + 2*n - 2 = 0, 1 = 4*k + 5*n - 4. Determine t(k).
-9
Let h(t) = t + 1. Let v(d) = d**2 + d - 5. Let q be v(-4). Let g = -7 + q. Give h(g).
1
Let a be 20/35 + 48/14. Let h(f) = -f - 6. Let v(d) = d + 1. Let u(i) = -h(i) - 2*v(i). Determine u(a).
0
Let n(g) = -g**3 - 8*g**2 + 9*g - 1. Let v be n(-9). Let i(b) = -2*b + b + 2*b**3 + 4*b**3. Calculate i(v).
-5
Let q(o) = -4*o**2 + o**2 - 2*o**3 + 4 + 7*o**2. Calculate q(3).
-14
Let n(f) = f - 1. Let x(o) be the first derivative of -o**2 + 5*o + 1. Let d(c) = -5*n(c) - x(c). Give d(1).
-3
Let d(o) = o - 1. Let a(r) = -r + 6. Let f(y) = a(y) + 4*d(y). Let z be -1*1*6/(-3). Let c(m) = -m. Let n(k) = z*c(k) + f(k). What is n(0)?
2
Let i(l) = -5 + 3 + 0 - 3*l**2 - l**3 - 3*l. Suppose 2 = 4*k - 2*n, 3*k + 2*n + 5 = -11. What is i(k)?
0
Suppose 2*o + 0*c + 14 = 2*c, -3*o + 2*c = 18. Let x(d) = -d**3 - 5*d**2 + 5. Determine x(o).
-11
Let s(g) be the second derivative of g**5/120 - g**4/8 - g**3/3 - 2*g. Let t(w) be the second derivative of s(w). What is t(5)?
2
Suppose b = j + 1 + 7, -3*j = -2*b + 15. Let n(k) = -k**2 + 10*k - 13. Determine n(b).
-4
Let w be 14/(-56) - (-42)/8. Let o(a) = -a - 7. Let d(j) = 7. Let c(u) = 4*d(u) + 3*o(u). Calculate c(w).
-8
Let v(m) = m**3 + 5*m**2 - 6*m - 1. Let q(y) = 2*y - 2. Let b be q(-2). Let z be v(b). Let d(h) = -8*h**2. Give d(z).
-8
Let l(t) = -7*t**2 + t + 5. Let q(j) = 13*j**2 - 2*j - 9. Let b(u) = -7*l(u) - 4*q(u). Let g(o) be the first derivative of b(o). What is g(-1)?
7
Let k(l) = 2*l + 3. Suppose -4*r = 2*q - 3 + 13, -4*q - 3*r - 15 = 0. Calculate k(q).
-3
Suppose -3 = -n - 4. Let f(v) = 2*v**3 + v**2 + 2*v + 1. Determine f(n).
-2
Let n(g) = -g - 7. Suppose -4*c - 10 - 2 = 0. Let h be 3/(-5 + 1 - c). Calculate n(h).
-4
Let z = -6 + 8. Let x(j) = -3*j + 5 - 9 - j**z - 4*j. Give x(-5).
6
Let c(y) = y - 8. Let g(n) = -n**2 - 6*n + 6. Let r be 52/(-9) - 2/9. Let s be g(r). Calculate c(s).
-2
Let m = 8 + -5. Let c(q) = -5 - 4*q + m + 2. Suppose -9 = 4*t + t + 4*y, -t + 5*y = -4. Calculate c(t).
4
Let h(l) be the first derivative of -3*l**4/2 - l**3/3 - l**2/2 + 4*l - 8. Let i(t) = t**3 - 1. Let b(p) = h(p) + 5*i(p). Determine b(-2).
5
Suppose 2*y - 5*y = -15. Let s(w) = y - 6 - 2 + w - 3. Give s(0).
-6
Let i(p) be the first derivative of -p**2/2 + 3*p - 2. Let v be (-1 - 5)*2/(-4). Calculate i(v).
0
Let c(t) = t. Let u(j) = j**2 - 2*j + 5. Let r(k) = -4*c(k) + u(k). Determine r(4).
-3
Let q(r) = 6*r**3 + r**2 + 4*r - 7. Let x(u) = 7*u**3 + 2*u**2 + 4*u - 8. Let m(d) = -6*q(d) + 5*x(d). Determine m(3).
-1
Let g be 2 - 2*(-1)/(-2). Let b be (5 + 6/(-3))/g. Let v(l) = -b + 2 - l**2 + 3 + 6 - l. Determine v(0).
8
Let p(g) = -g**2 - 12*g + 3. Let u be p(-12). Let q be -1 + (2 - (-6)/3). Let h(d) = q + 0*d + d - 6. What is h(u)?
0
Let n(r) = 2*r**2 - 2*r + 1. Let z be n(2). Suppose 2*v + 5*k = 12, -z*k = v - 10 - 1. Let a be (1 - (v + 1))*3. Let i(f) = f - 2. Determine i(a).
-5
Let f = 11 - 11. Suppose -s - 4 = 0, 5*r + f*s + 3*s + 7 = 0. Let w(i) = 7*i**3 - i**2 - i + 1. What is w(r)?
6
Let m(d) = 3*d**2 - d + 1. Let f = -123 + 124. Give m(f).
3
Let l(m) = m**2 - 5*m + 1. Let r(w) = w**3 - 5*w**2 + 6*w - 4. Let q be r(4). Let d be l(q). Let o = d - 1. Let z(v) = -v**3 - 5*v**2 - 6*v - 1. Give z(o).
7
Let b(x) = x**2 + 6*x - 8. Suppose -3*v + 4 = 2*z - 43, z + 5*v - 6 = 0. Suppose -5*c - 3*p = 33, 0 = c + 4*c + p + z. What is b(c)?
-8
Let j(g) = 10*g - 3 - 4*g - 19*g**2 - 2*g**2 - 5*g**3 + 10*g. Let m(b) = -b**3 - 5*b**2 + 4*b - 1. Let c(v) = 2*j(v) - 9*m(v). Determine c(3).
-9
Let s(b) = -4*b**2 - 13*b - 1. Let t(p) = p**2 + p + 1. Let k(f) = -s(f) - 5*t(f). Calculate k(6).
8
Let i(j) = -8 + 2 + 7 - 2*j**2 + 3*j**2 - j. Give i(-2).
7
Let h = -32 - -193/6. Let j(m) be the second derivative of -2*m + 0 - h*m**3 + m**2. Determine j(4).
-2
Let v(x) be the first derivative of x**4/4 - x**3/3 - x**2/2 - 5*x + 1. Suppose -15 = 4*r - 5*w, 4*w - 12 = -0*r - 2*r. Calculate v(r).
-5
Let r(s) = 2*s**2 + 7*s**2 - 4*s**2 - 8 - 6*s**2 - 8*s. What is r(-7)?
-1
Let c(g) = g**2 + 5*g + 6. Let i be c(-4). Suppose -k - 13 = 4*y + 6, -i*k + 17 = -3*y. Let a(b) = -2 + 4 - 3*b + k. Determine a(3).
-6
Let u be 128/(-20) - (-6)/15. Let x be 4/(-8) + 25/2. Let z(t) = -5 + 7*t + 2 + t**2 + x. What is z(u)?
3
Suppose -4*w + 4 + 9 = h, 3*w - 26 = -4*h. Let d(o) be the second derivative of -1/6*o**3 - w*o + 0 + 1/2*o**2. Calculate d(3).
-2
Let m(c) = 2*c + 3*c - 8 + 4*c - c**2. Determine m(6).
10
Let x(k) = -k**3 - 14*k**2 - 16*k - 30. Let c be x(-13). Let o(v) = v**2 - 8*v - 10. Determine o(c).
-1
Let f(m) = -3*m + 2*m + 2 - 3. Let n be ((-8)/(-7))/((-18)/(-63)). Suppose -3*t + n*l = 0, -t + 2*t - 2*l + 2 = 0. What is f(t)?
-5
Suppose 0 = -3*w - 9 + 33. Let o(x) = 0 - 4*x + x**2 - 4*x + 0*x + w. Give o(6).
-4
Let z(l) = -l**3 + 3*l**2 - 2. Let h be (-30)/(-25) + 12/15. What is z(h)?
2
Let t(h) = h**3 + 5*h**2 + 3*h - 1. Let x(g) = 2*g - 2. Let q be x(6). Let c = 7 - q. Calculate t(c).
8
Let o(u) = -u**3 + 6*u**2 - 4. Let q(m) = 2*m**3 - 12*m**2 + 8. Let c(x) = -11*o(x) - 6*q(x). Calculate c(6).
-4
Let q be 1/(-2 - (-15)/6). Let m(d) = d**3 - d**2 - 2*d + 2. What is m(q)?
2
Let r(t) = -15*t**3 - 13*t + 37. Let m(n) = 7*n**3 + 6*n - 18. Let x(b) = -13*m(b) - 6*r(b). Calculate x(0).
12
Suppose -5*y + 29 = -3*x, 2*y - 5*y - 5*x = 3. Let f(h) = -4 - 6 + y - 3*h. Calculate f(-4).
6
Let a(l) = -l + 4. Let y be a(0). Let g = y + -3. Let v(j) = 1 + 4*j**3 - 4*j**3 - 2*j + j**3 + j**2. Calculate v(g).
1
Let p(x) = -x**3 - 11*x**2 + 6*x - 14. Let c(i) = i**3 + 9*i**2 - 5*i + 14. Let r(d) = -6*c(d) - 5*p(d). Determine r(0).
-14
Let w(q) be the third derivative of 2*q**2 + 0 + 0*q - 1/6*q**3 - 1/24*q**4 + 1/30*q**5. Give w(2).
5
Let m(u) = -u**3 - 9*u**2 + 9*u - 5. Let q be m(-10). Let d(y) = y - 3. Calculate d(q).
2
Let z(k) = -k**2 + k + 1. Let c be 3 - ((-2 - (-8 - -3)) + -2). What is z(c)?
-1
Let n be ((-4)/(-6))/(2/3). Let j = 2 + -2. Let q(v) = -v - v - v + j. Determine q(n).
-3
Let a(n) = -4*n**2 + 3*n**2 - 8*n + 6*n + 1. Let t(v) = -v - 1. Let o be t(-6). Suppose -5*u = -3*b - o, -u - u + 11 = -3*b. Give a(u).
1
Let r(y) = -y**3 - y**2 - y - 4. Suppose 0 = -5*k - 0*k + 30. Let t = 6 - k. What is r(t)?
-4
Let l(a) = a**3 + a**2 + a + 1. Let y(p) be the first derivative of -3*p**4/4 - 2*p**3/3 - 3*p**2/2 - 3*p - 4. Let x(t) = 8*l(t) + 3*y(t). Determine x(2).
-3
Let w be -2 - (-2 + -2) - -1. Let n(p) = 5*p**2 - 1 + p**3 - p - 6*p**2 - 5*p**w. Give n(-1).
3
Let m(a) = -11*a + 18*a**3 - 9*a**3 - 8*a**3 + 6 - 9*a**2. Give m(10).
-4
Let c be 9/(-2)*(-20)/30. Let w(y) be the third derivative of 0 + 2*y**2 + 1/6*y**c + 0*y - 1/12*y**4. What is w(2)?
-3
Let p(t) = t**3 + 2*t - 1. Let g be -2 + 1 - (-12 + 0). Suppose 3 - g = 4*b. Determine p(b).
-13
Let q(g) be the third derivative of -1/60*g**5 + 3*g**2 + 0 + 0*g**4 - 2/3*g**3 + 0*g. Suppose 5*m = 2*m. Give q(m).
-4
Let g(y) = -y - 1. Let v(f) = 10*f + 1. Let t(z) = -2*g(z) - v(z). Suppose 0 = 5*o + 2 + 3. Determine t(o).
9
Let a(n) = 9*n**2 - 2*n - 1. Let p(h) = -9*h - 11. Let w(j) = 4*j + 5. Suppose 9 = -3*u - 0*u. Let o(x) = u*p(x) - 7*w(x). Let q be o(-1). Determine a(q).
10
Let z(g) be the second derivative of g**5/20 + g**4/6 + g**3/6 + 2*g**2 + g. Suppose -5*p - 8 = 7. Calculate z(p).
-8
Suppose 3*a = -10 - 20. Let z be (-25)/a - (-6)/4. Suppose -3*n + 2*n + z = 0. Let c(x) = -2*x**2 + 5*x + 3. Determine c(n).
-9
Let a(p) be the first derivative of -p**4/4 + 4*p**3/3 - 3*p**2/2 + 32. Determine a(4).
-12
Let h(n) = 2*n**2 - 19*n - 5. Let d(w) = w**2 - 10*w - 3. Let q(z) = -11*d(z) + 6*h(z). Calculate q(2).
-1
Let x(v) = -7*v + 4*v + v + 3. Give x(5).
-7
Let n(o) = o**3 - 7*o**2 + 7*o - 8. Let f be 9 - (3 + (2 - 2)). Calculate n(f).
-2
Let a(l) = 3*l**2 + 2*l. Let s(g) = 13*g**2 + 8*g - 1. Let c(n) = -9*a(n) + 2*s(n). Let z be 0*2/4*2. Let x be (-2 - z) + -3 + 3. What is c(x)?
-2
Let m(g) = g**3 + 3*g**2 - 4*g + 2. Let u be m(-4). Suppose 2*d - u*o = 2 + 4, 3*o + 3 = 0. Let n(j) = -2*j - 1. Determine n(d).
-5
Let a(m) = 5*m**2 + 5*m + 17. Let u(x) = 3*x**2 + 9 - 4*x + 5*x + 2*x. Let c(v) = 4*a(v) - 7*u(v). What is c(0)?
5
Let j(s) be the third derivative of -s**5/60 - 